{"id":340,"date":"2025-10-17T12:48:46","date_gmt":"2025-10-17T10:48:46","guid":{"rendered":"https:\/\/anaettim.fr\/?page_id=340"},"modified":"2025-10-23T15:14:31","modified_gmt":"2025-10-23T13:14:31","slug":"test","status":"publish","type":"page","link":"https:\/\/anaettim.fr\/?page_id=340","title":{"rendered":"Le Rebond"},"content":{"rendered":"\n<p>Samedi 27 juin 2026<\/p>\n\n\n\n<p>Le samedi apr\u00e8s-midi, pour les plus courageux, rendez-vous \u00e0 la plage d&#8217;H\u00e9racl\u00e9e, \u00e0 la Croix-Valmer, pour un ap\u00e9ro les pieds dans l&#8217;eau.<\/p>\n\n\n\n<p>Pour faire trempette, c&#8217;est par <a href=\"https:\/\/www.google.fr\/search?sca_esv=fbaa7d3b9c35fdd6&amp;hl=fr&amp;gl=fr&amp;output=search&amp;kgmid=\/g\/11bvtk60fw&amp;q=Plage+d%E2%80%99H%C3%A9racl%C3%A9e&amp;shndl=30&amp;shem=epsdc,lcuae,uaasie,shrtn&amp;source=sh\/x\/loc\/uni\/m1\/1&amp;kgs=a0ec40221ce0423d&amp;utm_source=epsdc,lcuae,uaasie,shrtn,sh\/x\/loc\/uni\/m1\/1\" data-type=\"link\" data-id=\"https:\/\/www.google.fr\/search?sca_esv=fbaa7d3b9c35fdd6&amp;hl=fr&amp;gl=fr&amp;output=search&amp;kgmid=\/g\/11bvtk60fw&amp;q=Plage+d%E2%80%99H%C3%A9racl%C3%A9e&amp;shndl=30&amp;shem=epsdc,lcuae,uaasie,shrtn&amp;source=sh\/x\/loc\/uni\/m1\/1&amp;kgs=a0ec40221ce0423d&amp;utm_source=epsdc,lcuae,uaasie,shrtn,sh\/x\/loc\/uni\/m1\/1\">ici<\/a> !<\/p>\n\n\n\n<figure class=\"wp-block-image size-full is-resized\"><img loading=\"lazy\" decoding=\"async\" width=\"1512\" height=\"2016\" src=\"https:\/\/anaettim.fr\/wp-content\/uploads\/2025\/10\/Plage-Heracles.jpg\" alt=\"\" class=\"wp-image-405\" style=\"width:487px;height:auto\"\/><\/figure>\n\n\n\n<p>Le samedi soir, venez faire la f\u00eate \u00e0 partir de 19h30 \u00e0 la Mauberth\u00e9 ! <\/p>\n\n\n\n<p class=\"has-text-align-left\">&#8220;Ros\u00e9 D\u00e9tox&#8221;, assur\u00e9e\u00a0!<\/p>\n\n\n\n<p>26 voie de l&#8217;Enchanteur, Domaine de la Vall\u00e9e, La Croix-Valmer, 83420. <\/p>\n\n\n\n<p><\/p>\n","protected":false},"excerpt":{"rendered":"<p>Samedi 27 juin 2026 Le samedi apr\u00e8s-midi, pour les plus courageux, rendez-vous \u00e0 la plage d&#8217;H\u00e9racl\u00e9e, \u00e0 la Croix-Valmer, pour un ap\u00e9ro les pieds dans l&#8217;eau. Pour faire trempette, c&#8217;est par ici ! Le samedi soir, venez faire la f\u00eate \u00e0 partir de 19h30 \u00e0 la Mauberth\u00e9 ! &#8220;Ros\u00e9 D\u00e9tox&#8221;, assur\u00e9e\u00a0! 26 voie de l&#8217;Enchanteur, [&hellip;]<\/p>\n","protected":false},"author":1,"featured_media":0,"parent":0,"menu_order":0,"comment_status":"closed","ping_status":"closed","template":"","meta":{"footnotes":""},"class_list":["post-340","page","type-page","status-publish","hentry"],"_links":{"self":[{"href":"https:\/\/anaettim.fr\/index.php?rest_route=\/wp\/v2\/pages\/340","targetHints":{"allow":["GET"]}}],"collection":[{"href":"https:\/\/anaettim.fr\/index.php?rest_route=\/wp\/v2\/pages"}],"about":[{"href":"https:\/\/anaettim.fr\/index.php?rest_route=\/wp\/v2\/types\/page"}],"author":[{"embeddable":true,"href":"https:\/\/anaettim.fr\/index.php?rest_route=\/wp\/v2\/users\/1"}],"replies":[{"embeddable":true,"href":"https:\/\/anaettim.fr\/index.php?rest_route=%2Fwp%2Fv2%2Fcomments&post=340"}],"version-history":[{"count":15,"href":"https:\/\/anaettim.fr\/index.php?rest_route=\/wp\/v2\/pages\/340\/revisions"}],"predecessor-version":[{"id":615,"href":"https:\/\/anaettim.fr\/index.php?rest_route=\/wp\/v2\/pages\/340\/revisions\/615"}],"wp:attachment":[{"href":"https:\/\/anaettim.fr\/index.php?rest_route=%2Fwp%2Fv2%2Fmedia&parent=340"}],"curies":[{"name":"wp","href":"https:\/\/api.w.org\/{rel}","templated":true}]}}