{"id":350,"date":"2025-10-17T15:27:18","date_gmt":"2025-10-17T13:27:18","guid":{"rendered":"https:\/\/anaettim.fr\/?page_id=350"},"modified":"2025-10-23T14:56:11","modified_gmt":"2025-10-23T12:56:11","slug":"le-mariage","status":"publish","type":"page","link":"https:\/\/anaettim.fr\/?page_id=350","title":{"rendered":"Le Mariage"},"content":{"rendered":"\n<p>Vendredi 26 juin 2026<\/p>\n\n\n\n<p>La c\u00e9r\u00e9monie aura lieu \u00e0 15h30 \u00e0 l&#8217;Eglise Saint-Michel de Grimaud.<\/p>\n\n\n\n<p><a href=\"https:\/\/www.google.fr\/maps\/place\/\/data=!4m2!3m1!1s0x12cec9b99c7b4c41:0x94dab1c1ff41c0ff?sa=X&amp;ved=1t:8290&amp;ictx=111\">9 Pl. de l&#8217;\u00c9glise, 83310 Grimaud<\/a><\/p>\n\n\n\n<figure class=\"wp-block-image size-full is-resized\"><img loading=\"lazy\" decoding=\"async\" width=\"640\" height=\"480\" src=\"https:\/\/anaettim.fr\/wp-content\/uploads\/2025\/10\/eglise-saint-michel-grimaud-var-27-640x480-crop-1710338117-1.jpg\" alt=\"\" class=\"wp-image-401\" style=\"width:396px;height:auto\"\/><\/figure>\n\n\n\n<p>Apr\u00e8s la messe, les festivit\u00e9s auront lieu au <a href=\"https:\/\/www.domaineduvaldegilly.com\/\" data-type=\"link\" data-id=\"https:\/\/www.domaineduvaldegilly.com\/\">Domaine du Val de Gilly<\/a>. <\/p>\n\n\n\n<p><a href=\"https:\/\/www.google.fr\/maps\/place\/\/data=!4m2!3m1!1s0x12cecb330df288c9:0xd7ba266e46d380a?sa=X&amp;ved=1t:8290&amp;ictx=111\">1792 Rte du Val de Gilly, 83310 Grimaud<\/a><\/p>\n\n\n\n<figure class=\"wp-block-image size-full is-resized\"><img loading=\"lazy\" decoding=\"async\" width=\"828\" height=\"939\" src=\"https:\/\/anaettim.fr\/wp-content\/uploads\/2025\/10\/Val-de-Gilly.jpg\" alt=\"\" class=\"wp-image-402\" style=\"width:394px;height:auto\"\/><\/figure>\n","protected":false},"excerpt":{"rendered":"<p>Vendredi 26 juin 2026 La c\u00e9r\u00e9monie aura lieu \u00e0 15h30 \u00e0 l&#8217;Eglise Saint-Michel de Grimaud. 9 Pl. de l&#8217;\u00c9glise, 83310 Grimaud Apr\u00e8s la messe, les festivit\u00e9s auront lieu au Domaine du Val de Gilly. 1792 Rte du Val de Gilly, 83310 Grimaud<\/p>\n","protected":false},"author":1,"featured_media":0,"parent":0,"menu_order":0,"comment_status":"closed","ping_status":"closed","template":"","meta":{"footnotes":""},"class_list":["post-350","page","type-page","status-publish","hentry"],"_links":{"self":[{"href":"https:\/\/anaettim.fr\/index.php?rest_route=\/wp\/v2\/pages\/350","targetHints":{"allow":["GET"]}}],"collection":[{"href":"https:\/\/anaettim.fr\/index.php?rest_route=\/wp\/v2\/pages"}],"about":[{"href":"https:\/\/anaettim.fr\/index.php?rest_route=\/wp\/v2\/types\/page"}],"author":[{"embeddable":true,"href":"https:\/\/anaettim.fr\/index.php?rest_route=\/wp\/v2\/users\/1"}],"replies":[{"embeddable":true,"href":"https:\/\/anaettim.fr\/index.php?rest_route=%2Fwp%2Fv2%2Fcomments&post=350"}],"version-history":[{"count":7,"href":"https:\/\/anaettim.fr\/index.php?rest_route=\/wp\/v2\/pages\/350\/revisions"}],"predecessor-version":[{"id":608,"href":"https:\/\/anaettim.fr\/index.php?rest_route=\/wp\/v2\/pages\/350\/revisions\/608"}],"wp:attachment":[{"href":"https:\/\/anaettim.fr\/index.php?rest_route=%2Fwp%2Fv2%2Fmedia&parent=350"}],"curies":[{"name":"wp","href":"https:\/\/api.w.org\/{rel}","templated":true}]}}

<p>Vendredi 26 juin 2026</p>



<p>La cérémonie aura lieu à 15h30 à l&#8217;Eglise Saint-Michel de Grimaud.</p>



<p><a href="https://www.google.fr/maps/place//data=!4m2!3m1!1s0x12cec9b99c7b4c41:0x94dab1c1ff41c0ff?sa=X&amp;ved=1t:8290&amp;ictx=111">9 Pl. de l&#8217;Église, 83310 Grimaud</a></p>



<figure class="wp-block-image size-full is-resized"><img loading="lazy" decoding="async" width="640" height="480" src="https://anaettim.fr/wp-content/uploads/2025/10/eglise-saint-michel-grimaud-var-27-640x480-crop-1710338117-1.jpg" alt="" class="wp-image-401" style="width:396px;height:auto"/></figure>



<p>Après la messe, les festivités auront lieu au <a href="https://www.domaineduvaldegilly.com/" data-type="link" data-id="https://www.domaineduvaldegilly.com/">Domaine du Val de Gilly</a>. </p>



<p><a href="https://www.google.fr/maps/place//data=!4m2!3m1!1s0x12cecb330df288c9:0xd7ba266e46d380a?sa=X&amp;ved=1t:8290&amp;ictx=111">1792 Rte du Val de Gilly, 83310 Grimaud</a></p>



<figure class="wp-block-image size-full is-resized"><img loading="lazy" decoding="async" width="828" height="939" src="https://anaettim.fr/wp-content/uploads/2025/10/Val-de-Gilly.jpg" alt="" class="wp-image-402" style="width:394px;height:auto"/></figure>

<p>Vendredi 26 juin 2026 La cérémonie aura lieu à 15h30 à l&#8217;Eglise Saint-Michel de Grimaud. 9 Pl. de l&#8217;Église, 83310 Grimaud Après la messe, les festivités auront lieu au Domaine du Val de Gilly. 1792 Rte du Val de Gilly, 83310 Grimaud</p>
