{"id":363,"date":"2025-10-17T15:39:48","date_gmt":"2025-10-17T13:39:48","guid":{"rendered":"https:\/\/anaettim.fr\/?page_id=363"},"modified":"2025-10-23T17:18:40","modified_gmt":"2025-10-23T15:18:40","slug":"quoi-faire","status":"publish","type":"page","link":"https:\/\/anaettim.fr\/?page_id=363","title":{"rendered":"Que Faire ?"},"content":{"rendered":"\n<p class=\"has-white-color has-text-color has-link-color has-large-font-size wp-elements-3a320b234f31297c5b0b371a2fdf2ac6\"><strong>Logements<\/strong><\/p>\n\n\n\n<p>Devant la quantit\u00e9 d&#8217;offres d&#8217;h\u00e9bergement dont regorge la r\u00e9gion, nous vous laissons en toute autonomie trouver le logement de votre choix: maison (<a href=\"https:\/\/www.airbnb.fr\/\" data-type=\"link\" data-id=\"https:\/\/www.airbnb.fr\/\">airbnb<\/a>, <a href=\"https:\/\/www.abritel.fr\/\" data-type=\"link\" data-id=\"https:\/\/www.abritel.fr\/\">abritel<\/a>, <a href=\"https:\/\/www.interhome.fr\/\" data-type=\"link\" data-id=\"https:\/\/www.interhome.fr\/\">interhome<\/a>, <a href=\"https:\/\/www.booking.com\/\" data-type=\"link\" data-id=\"https:\/\/www.booking.com\/\">booking<\/a>, etc.), camping, h\u00f4tel, appart-h\u00f4tel, r\u00e9sidence.<\/p>\n\n\n\n<p>Si vous venez toute la semaine ou 4\/5 jours, nous vous recommandons de vous localiser plut\u00f4t vers La Croix-Valmer o\u00f9 aura lieu le rebond du samedi et o\u00f9 nous serons principalement durant la semaine.<\/p>\n\n\n\n<p>Si vous venez uniquement le weekend (vendredi \u00e0 dimanche), vous pouvez aussi bien loger vers Grimaud, o\u00f9 nous ferons la f\u00eate vendredi, qu&#8217;\u00e0 La Croix-Valmer, lieu du rebond le samedi. <\/p>\n\n\n\n<p>Dans tous les cas, 20 minutes de voiture s\u00e9parent Grimaud de La Croix Valmer et il est tout \u00e0 faire possible de r\u00e9server des taxis.<\/p>\n\n\n\n<p>Pour information, Cavalaire, qui se trouve \u00e0 30 minutes du Val de Gilly et  \u00e010\/15 minutes de Gigaro, offre de nombreuses options d&#8217;h\u00e9bergement. La ville a le tr\u00e8s grand avantage de permettre de faire beaucoup de choses \u00e0 pied&nbsp;: commerces, port, plage, restaurant, etc.<\/p>\n\n\n\n<figure class=\"wp-block-image size-full\"><img loading=\"lazy\" decoding=\"async\" width=\"756\" height=\"624\" src=\"https:\/\/anaettim.fr\/wp-content\/uploads\/2025\/10\/image.jpeg\" alt=\"\" class=\"wp-image-424\"\/><\/figure>\n\n\n\n<p>***<\/p>\n\n\n\n<p>Pour rappel, voici le programme&nbsp;:<\/p>\n\n\n\n<p>&#8211;&nbsp;Le 26 juin 2026&nbsp;: jour du mariage religieux<\/p>\n\n\n\n<p>La c\u00e9r\u00e9monie aura lieu le vendredi 26 juin 2026 \u00e0 l\u2019Eglise Saint-Michel de Grimaud, 9<a href=\"http:\/\/(https:\/\/www.paroissedegrimaud.com\/\" data-type=\"link\" data-id=\"(https:\/\/www.paroissedegrimaud.com\/\"> Place de l\u2019Eglise, 83310 Grimaud<\/a>. Nous n\u2019avons pas encore l\u2019heure exacte, mais la messe devrait d\u00e9buter entre 15h et 16h30.<\/p>\n\n\n\n<p>Apr\u00e8s la c\u00e9r\u00e9monie, vous \u00eates tous convi\u00e9s au Domaine du Val de Gilly pour faire la f\u00eate&nbsp;: 1792 <a href=\"https:\/\/www.domaineduvaldegilly.com\/\" data-type=\"link\" data-id=\"https:\/\/www.domaineduvaldegilly.com\/\">Route du Val de Gilly, 83310 Grimaud<\/a>.<\/p>\n\n\n\n<p>&#8211;&nbsp;Le 27 juin 2026&nbsp;: lendemain du mariage et rebond<\/p>\n\n\n\n<p>Point de brunch ni de lunch, Max tient \u00e0 sa sieste matinale. Le samedi, si le c\u0153ur vous en dit, nous vous donnons rendez-vous \u00e0 la plage pour passer l\u2019apr\u00e8s-midi au bord de l\u2019eau et profiter du soleil, avant de se retrouver \u00e0 la Mauberth\u00e9 pour un ultime rebond&nbsp;!<\/p>\n\n\n\n<p>Le rebond aura lieu le soir \u00e0 la Mauberth\u00e9, 26 Voie de l\u2019Enchanteur, Domaine de la Vall\u00e9e, 83420 La Croix-Valmer. Sans chichis, l\u2019id\u00e9e de faire une derni\u00e8re fois la f\u00eate en toute d\u00e9contraction, que ce soit \u00e0 coup de virgin mojito ou de ros\u00e9 local&nbsp;!<\/p>\n\n\n\n<p>&#8211;&nbsp;Le 28 juin 2026&nbsp;: toujours pas de brunch ni de lunch&nbsp;! C\u2019est dimanche, reposez-vous&nbsp;!<\/p>\n\n\n\n<p>***<\/p>\n\n\n\n<p class=\"has-vivid-red-color has-text-color has-link-color wp-elements-c57d75034ffbec8ad8928bef3eff52e4\"><strong>ATTENTION INCENDIES<\/strong><\/p>\n\n\n\n<p><em>La r\u00e9gion, particuli\u00e8rement chaude et s\u00e8che, est extr\u00eamement sensible aux incendies, m\u00eame au mois de juin. Il y a quelques ann\u00e9es, pr\u00e8s de la moiti\u00e9 du Domaine du Val de Gilly a \u00e9t\u00e9 ravag\u00e9e par les flammes, \u00e0 l\u2019instar du Cap Lardier, dont l\u2019incendie s\u2019est arr\u00eat\u00e9 \u00e0 quelques kilom\u00e8tres de la maison.<\/em><\/p>\n\n\n\n<p><em>Pour les fumeurs, quelques <a href=\"https:\/\/www.var.gouv.fr\/Actions-de-l-Etat\/Foret\/Emploi-du-feu\/Respecter-les-interdictions\" data-type=\"link\" data-id=\"https:\/\/www.var.gouv.fr\/Actions-de-l-Etat\/Foret\/Emploi-du-feu\/Respecter-les-interdictions\">consignes de s\u00e9curit\u00e9 \u00e0 respecter<strong> IMPERATIVEMENT<\/strong><\/a>&nbsp;: 1\/ Ne jamais fumer en randonn\u00e9e, dans les jardins ou dans les maquis. 2\/ Ne jamais jeter sa cigarette par la fen\u00eatre de la voiture, m\u00eame \u00e9teinte. 3\/ Ne fumer que sur les terrasses ou endroits appropri\u00e9s. C\u2019est tr\u00e8s simple, s\u2019il n\u2019y a pas cendriers, c\u2019est qu\u2019a priori l\u2019endroit est non-fumeur. Lors de la soir\u00e9e, ne pas fumer au milieu des vignes et lors du rebond, ne fumer que sur les terrasses de la maison&nbsp;: PAS DANS LE JARDIN. Dans le doute demander. 4\/ S\u2019assurer de bien \u00e9teindre sa cigarette, l\u2019id\u00e9al \u00e9tant de mettre un fond d\u2019eau dans le cendrier.<\/em><\/p>\n\n\n\n<p><em>En cas d\u2019incendie, je vous rappelle qu\u2019outre le fait de s\u2019informer, il est important de ne pas fuir, mais plut\u00f4t de se prot\u00e9ger dans le sous-sol d\u2019un b\u00e2timent en bouchant les trous d\u2019air avec des torchons humides. L\u2019exp\u00e9rience a montr\u00e9 qu\u2019un incendie aliment\u00e9 par du vent dans une zone s\u00e8che va vite, tr\u00e8s vite, trop vite pour fuir, et qu\u2019il passe au dessus d&#8217;une maison en moyenne en dix minutes.<\/em><\/p>\n\n\n\n<p>***<\/p>\n\n\n\n<div class=\"wp-block-buttons is-content-justification-center is-layout-flex wp-container-core-buttons-is-layout-16018d1d wp-block-buttons-is-layout-flex\">\n<div class=\"wp-block-button\"><a class=\"wp-block-button__link has-text-align-center wp-element-button\" href=\"https:\/\/anaettim.fr\/?page_id=368\">Activit\u00e9s<\/a><\/div>\n\n\n\n<div class=\"wp-block-button\"><a class=\"wp-block-button__link wp-element-button\" href=\"https:\/\/anaettim.fr\/?page_id=373\">Restaurants<\/a><\/div>\n\n\n\n<div class=\"wp-block-button\"><a class=\"wp-block-button__link wp-element-button\" href=\"\/?page_id=482\">Bars<\/a><\/div>\n\n\n\n<div class=\"wp-block-button\"><a class=\"wp-block-button__link wp-element-button\" href=\"https:\/\/anaettim.fr\/?page_id=378\">Visites<\/a><\/div>\n\n\n\n<div class=\"wp-block-button\"><a class=\"wp-block-button__link wp-element-button\" href=\"https:\/\/anaettim.fr\/?page_id=515\">Randonn\u00e9es<\/a><\/div>\n<\/div>\n\n\n\n<p><br><\/p>\n","protected":false},"excerpt":{"rendered":"<p>Logements Devant la quantit\u00e9 d&#8217;offres d&#8217;h\u00e9bergement dont regorge la r\u00e9gion, nous vous laissons en toute autonomie trouver le logement de votre choix: maison (airbnb, abritel, interhome, booking, etc.), camping, h\u00f4tel, appart-h\u00f4tel, r\u00e9sidence. Si vous venez toute la semaine ou 4\/5 jours, nous vous recommandons de vous localiser plut\u00f4t vers La Croix-Valmer o\u00f9 aura lieu le [&hellip;]<\/p>\n","protected":false},"author":1,"featured_media":0,"parent":0,"menu_order":0,"comment_status":"closed","ping_status":"closed","template":"","meta":{"footnotes":""},"class_list":["post-363","page","type-page","status-publish","hentry"],"_links":{"self":[{"href":"https:\/\/anaettim.fr\/index.php?rest_route=\/wp\/v2\/pages\/363","targetHints":{"allow":["GET"]}}],"collection":[{"href":"https:\/\/anaettim.fr\/index.php?rest_route=\/wp\/v2\/pages"}],"about":[{"href":"https:\/\/anaettim.fr\/index.php?rest_route=\/wp\/v2\/types\/page"}],"author":[{"embeddable":true,"href":"https:\/\/anaettim.fr\/index.php?rest_route=\/wp\/v2\/users\/1"}],"replies":[{"embeddable":true,"href":"https:\/\/anaettim.fr\/index.php?rest_route=%2Fwp%2Fv2%2Fcomments&post=363"}],"version-history":[{"count":23,"href":"https:\/\/anaettim.fr\/index.php?rest_route=\/wp\/v2\/pages\/363\/revisions"}],"predecessor-version":[{"id":629,"href":"https:\/\/anaettim.fr\/index.php?rest_route=\/wp\/v2\/pages\/363\/revisions\/629"}],"wp:attachment":[{"href":"https:\/\/anaettim.fr\/index.php?rest_route=%2Fwp%2Fv2%2Fmedia&parent=363"}],"curies":[{"name":"wp","href":"https:\/\/api.w.org\/{rel}","templated":true}]}}

<p class="has-white-color has-text-color has-link-color has-large-font-size wp-elements-3a320b234f31297c5b0b371a2fdf2ac6"><strong>Logements</strong></p>



<p>Devant la quantité d&#8217;offres d&#8217;hébergement dont regorge la région, nous vous laissons en toute autonomie trouver le logement de votre choix: maison (<a href="https://www.airbnb.fr/" data-type="link" data-id="https://www.airbnb.fr/">airbnb</a>, <a href="https://www.abritel.fr/" data-type="link" data-id="https://www.abritel.fr/">abritel</a>, <a href="https://www.interhome.fr/" data-type="link" data-id="https://www.interhome.fr/">interhome</a>, <a href="https://www.booking.com/" data-type="link" data-id="https://www.booking.com/">booking</a>, etc.), camping, hôtel, appart-hôtel, résidence.</p>



<p>Si vous venez toute la semaine ou 4/5 jours, nous vous recommandons de vous localiser plutôt vers La Croix-Valmer où aura lieu le rebond du samedi et où nous serons principalement durant la semaine.</p>



<p>Si vous venez uniquement le weekend (vendredi à dimanche), vous pouvez aussi bien loger vers Grimaud, où nous ferons la fête vendredi, qu&#8217;à La Croix-Valmer, lieu du rebond le samedi. </p>



<p>Dans tous les cas, 20 minutes de voiture séparent Grimaud de La Croix Valmer et il est tout à faire possible de réserver des taxis.</p>



<p>Pour information, Cavalaire, qui se trouve à 30 minutes du Val de Gilly et  à10/15 minutes de Gigaro, offre de nombreuses options d&#8217;hébergement. La ville a le très grand avantage de permettre de faire beaucoup de choses à pied&nbsp;: commerces, port, plage, restaurant, etc.</p>



<figure class="wp-block-image size-full"><img loading="lazy" decoding="async" width="756" height="624" src="https://anaettim.fr/wp-content/uploads/2025/10/image.jpeg" alt="" class="wp-image-424"/></figure>



<p>***</p>



<p>Pour rappel, voici le programme&nbsp;:</p>



<p>&#8211;&nbsp;Le 26 juin 2026&nbsp;: jour du mariage religieux</p>



<p>La cérémonie aura lieu le vendredi 26 juin 2026 à l’Eglise Saint-Michel de Grimaud, 9<a href="http://(https://www.paroissedegrimaud.com/" data-type="link" data-id="(https://www.paroissedegrimaud.com/"> Place de l’Eglise, 83310 Grimaud</a>. Nous n’avons pas encore l’heure exacte, mais la messe devrait débuter entre 15h et 16h30.</p>



<p>Après la cérémonie, vous êtes tous conviés au Domaine du Val de Gilly pour faire la fête&nbsp;: 1792 <a href="https://www.domaineduvaldegilly.com/" data-type="link" data-id="https://www.domaineduvaldegilly.com/">Route du Val de Gilly, 83310 Grimaud</a>.</p>



<p>&#8211;&nbsp;Le 27 juin 2026&nbsp;: lendemain du mariage et rebond</p>



<p>Point de brunch ni de lunch, Max tient à sa sieste matinale. Le samedi, si le cœur vous en dit, nous vous donnons rendez-vous à la plage pour passer l’après-midi au bord de l’eau et profiter du soleil, avant de se retrouver à la Mauberthé pour un ultime rebond&nbsp;!</p>



<p>Le rebond aura lieu le soir à la Mauberthé, 26 Voie de l’Enchanteur, Domaine de la Vallée, 83420 La Croix-Valmer. Sans chichis, l’idée de faire une dernière fois la fête en toute décontraction, que ce soit à coup de virgin mojito ou de rosé local&nbsp;!</p>



<p>&#8211;&nbsp;Le 28 juin 2026&nbsp;: toujours pas de brunch ni de lunch&nbsp;! C’est dimanche, reposez-vous&nbsp;!</p>



<p>***</p>



<p class="has-vivid-red-color has-text-color has-link-color wp-elements-c57d75034ffbec8ad8928bef3eff52e4"><strong>ATTENTION INCENDIES</strong></p>



<p><em>La région, particulièrement chaude et sèche, est extrêmement sensible aux incendies, même au mois de juin. Il y a quelques années, près de la moitié du Domaine du Val de Gilly a été ravagée par les flammes, à l’instar du Cap Lardier, dont l’incendie s’est arrêté à quelques kilomètres de la maison.</em></p>



<p><em>Pour les fumeurs, quelques <a href="https://www.var.gouv.fr/Actions-de-l-Etat/Foret/Emploi-du-feu/Respecter-les-interdictions" data-type="link" data-id="https://www.var.gouv.fr/Actions-de-l-Etat/Foret/Emploi-du-feu/Respecter-les-interdictions">consignes de sécurité à respecter<strong> IMPERATIVEMENT</strong></a>&nbsp;: 1/ Ne jamais fumer en randonnée, dans les jardins ou dans les maquis. 2/ Ne jamais jeter sa cigarette par la fenêtre de la voiture, même éteinte. 3/ Ne fumer que sur les terrasses ou endroits appropriés. C’est très simple, s’il n’y a pas cendriers, c’est qu’a priori l’endroit est non-fumeur. Lors de la soirée, ne pas fumer au milieu des vignes et lors du rebond, ne fumer que sur les terrasses de la maison&nbsp;: PAS DANS LE JARDIN. Dans le doute demander. 4/ S’assurer de bien éteindre sa cigarette, l’idéal étant de mettre un fond d’eau dans le cendrier.</em></p>



<p><em>En cas d’incendie, je vous rappelle qu’outre le fait de s’informer, il est important de ne pas fuir, mais plutôt de se protéger dans le sous-sol d’un bâtiment en bouchant les trous d’air avec des torchons humides. L’expérience a montré qu’un incendie alimenté par du vent dans une zone sèche va vite, très vite, trop vite pour fuir, et qu’il passe au dessus d&#8217;une maison en moyenne en dix minutes.</em></p>



<p>***</p>



<div class="wp-block-buttons is-content-justification-center is-layout-flex wp-container-core-buttons-is-layout-16018d1d wp-block-buttons-is-layout-flex">
<div class="wp-block-button"><a class="wp-block-button__link has-text-align-center wp-element-button" href="https://anaettim.fr/?page_id=368">Activités</a></div>



<div class="wp-block-button"><a class="wp-block-button__link wp-element-button" href="https://anaettim.fr/?page_id=373">Restaurants</a></div>



<div class="wp-block-button"><a class="wp-block-button__link wp-element-button" href="/?page_id=482">Bars</a></div>



<div class="wp-block-button"><a class="wp-block-button__link wp-element-button" href="https://anaettim.fr/?page_id=378">Visites</a></div>



<div class="wp-block-button"><a class="wp-block-button__link wp-element-button" href="https://anaettim.fr/?page_id=515">Randonnées</a></div>
</div>



<p><br></p>

<p>Logements Devant la quantité d&#8217;offres d&#8217;hébergement dont regorge la région, nous vous laissons en toute autonomie trouver le logement de votre choix: maison (airbnb, abritel, interhome, booking, etc.), camping, hôtel, appart-hôtel, résidence. Si vous venez toute la semaine ou 4/5 jours, nous vous recommandons de vous localiser plutôt vers La Croix-Valmer où aura lieu le [&hellip;]</p>
