{"id":378,"date":"2025-10-17T15:48:10","date_gmt":"2025-10-17T13:48:10","guid":{"rendered":"https:\/\/anaettim.fr\/?page_id=378"},"modified":"2025-10-23T17:46:53","modified_gmt":"2025-10-23T15:46:53","slug":"visites","status":"publish","type":"page","link":"https:\/\/anaettim.fr\/?page_id=378","title":{"rendered":"Visites"},"content":{"rendered":"\n<p>Petit panorama, tr\u00e8s incomplet, des villages et lieux \u00e0 visiter dans la r\u00e9gion. <\/p>\n\n\n\n<p>***<\/p>\n\n\n\n<p class=\"has-large-font-size\"><strong>Les Villages<\/strong><\/p>\n\n\n\n<p>Douliou Douliou Saint-Tropez?<\/p>\n\n\n\n<figure class=\"wp-block-image size-full is-resized\"><img loading=\"lazy\" decoding=\"async\" width=\"1600\" height=\"1000\" src=\"https:\/\/anaettim.fr\/wp-content\/uploads\/2025\/10\/Saint-Tropez-lesvoiles-tourisme.jpg\" alt=\"\" class=\"wp-image-453\" style=\"width:726px;height:auto\"\/><\/figure>\n\n\n\n<p class=\"has-black-color has-text-color has-link-color has-large-font-size wp-elements-79cda51b1841c23ff9d1dc68a242db48\"><\/p>\n\n\n\n<p class=\"has-black-color has-text-color has-link-color wp-elements-ce57bf3d256ab9c061be327714c781e6\"><strong><em>LES VILLAGES A MOINS DE 30 MINUTES<\/em><\/strong><\/p>\n\n\n\n<p>&#8211;\u00a0<strong>Grimaud<\/strong>\u00a0: magnifique village moyen\u00e2geux, Grimaud abrite un ancien ch\u00e2teau dont les ruines ne g\u00e2chent pas le paysage, bien au contraire. D\u00e9ambuler dans les petites rues \u00e9troites, aller admirer la vue du golfe de Saint-Tropez depuis le haut des remparts, assister au mariage d\u2019Ana et Tim. Un <a href=\"https:\/\/www.google.fr\/search?sca_esv=e4e3b1ba951674fc&amp;hl=fr&amp;gl=fr&amp;output=search&amp;kgmid=\/g\/11gn1vlpw4&amp;q=Parking+Les+terrasses+de+Grimaud&amp;shndl=30&amp;shem=epsdc,lcuae,uaasie,shrtn&amp;source=sh\/x\/loc\/uni\/m1\/1&amp;kgs=4e41020d620f1b7c&amp;utm_source=epsdc,lcuae,uaasie,shrtn,sh\/x\/loc\/uni\/m1\/1\" data-type=\"link\" data-id=\"https:\/\/www.google.fr\/search?sca_esv=e4e3b1ba951674fc&amp;hl=fr&amp;gl=fr&amp;output=search&amp;kgmid=\/g\/11gn1vlpw4&amp;q=Parking+Les+terrasses+de+Grimaud&amp;shndl=30&amp;shem=epsdc,lcuae,uaasie,shrtn&amp;source=sh\/x\/loc\/uni\/m1\/1&amp;kgs=4e41020d620f1b7c&amp;utm_source=epsdc,lcuae,uaasie,shrtn,sh\/x\/loc\/uni\/m1\/1\">parking<\/a> assez pratique, peut vous faciliter l\u2019acc\u00e8s \u00e0 la ville.<\/p>\n\n\n\n<p>&#8211;\u00a0<strong>Ramatuelle<\/strong>\u00a0: l\u2019un des plus petits et pittoresques villages du coin. Chercher la rue \u00ab\u00a0Rompe-cul\u00a0\u00bb et admirer l\u2019ancienne \u00e9glise. <a href=\"https:\/\/maps.app.goo.gl\/KhaLwAC7M35iXW2UA\" data-type=\"link\" data-id=\"https:\/\/maps.app.goo.gl\/KhaLwAC7M35iXW2UA\">Parking<\/a> \u00e0 l\u2019entr\u00e9e de la ville.<\/p>\n\n\n\n<p>&#8211;\u00a0<strong>Saint-Tropez<\/strong>\u00a0: village embl\u00e9matique de la presqu\u2019\u00eele qui porte aujourd\u2019hui son nom, Saint-Tropez ne se pr\u00e9sente plus. Visiter le port et admirer les gigantesques yachts en mangeant une glace. Aller \u00e0 la citadelle et se perdre dans ses petites rues. D\u00e9guster une trop\u00e9zienne de chez <a href=\"https:\/\/www.latartetropezienne.fr\/fr\/la-tarte-tropezienne\/29-la-tarte-tropezienne-micka-livraison-france-24h.html\" data-type=\"link\" data-id=\"https:\/\/www.latartetropezienne.fr\/fr\/la-tarte-tropezienne\/29-la-tarte-tropezienne-micka-livraison-france-24h.html\">Mika<\/a> et fl\u00e2ner place des Lices. Faire le march\u00e9 et prendre un caf\u00e9 au <a href=\"https:\/\/www.senequier.com\/\" data-type=\"link\" data-id=\"https:\/\/www.senequier.com\/\">S\u00e9n\u00e9quier<\/a>. Bruncher \u00e0 l\u2019H\u00f4tel Byblos (voir rubrique activit\u00e9s). Il y a de nombreux parkings \u00e0 Saint-Tropez, mais l&#8217;un des plus pratiques est celui du port\u00a0: pour \u00e9viter de marcher longtemps, vous pouvez vous garer tout au bout dans le <a href=\"https:\/\/www.google.fr\/search?sca_esv=e4e3b1ba951674fc&amp;hl=fr&amp;gl=fr&amp;output=search&amp;kgmid=\/g\/11cmsf_5sd&amp;q=Parking+du+Nouveau+Port&amp;shndl=30&amp;shem=epsdc,lcuae,uaasie,shrtn&amp;source=sh\/x\/loc\/uni\/m1\/1&amp;kgs=37f85b78350c3664&amp;utm_source=epsdc,lcuae,uaasie,shrtn,sh\/x\/loc\/uni\/m1\/1\" data-type=\"link\" data-id=\"https:\/\/www.google.fr\/search?sca_esv=e4e3b1ba951674fc&amp;hl=fr&amp;gl=fr&amp;output=search&amp;kgmid=\/g\/11cmsf_5sd&amp;q=Parking+du+Nouveau+Port&amp;shndl=30&amp;shem=epsdc,lcuae,uaasie,shrtn&amp;source=sh\/x\/loc\/uni\/m1\/1&amp;kgs=37f85b78350c3664&amp;utm_source=epsdc,lcuae,uaasie,shrtn,sh\/x\/loc\/uni\/m1\/1\">parking du nouveau port<\/a>.<\/p>\n\n\n\n<p>&#8211;\u00a0<strong>Gassin<\/strong>\u00a0: Probablement, avec Grimaud, l\u2019une des plus belles vues du Golfe, mais \u00e0 la diff\u00e9rence de Grimaud, vous n\u2019aurez pas besoin d\u2019effort pour en profiter\u00a0! Faire le tour du village qui offre une vue \u00e0 quasiment 360 degr\u00e9s, visiter la vieille \u00e9glise qui a vu plus d\u2019un bapt\u00eame familial, faire une p\u00e9tanque au coucher de soleil avec la vue sur Saint-Tropez (voir rubrique activit\u00e9s). De m\u00e9moire, les restaurants \u00e0 Gassin sont un peu chers et d\u00e9cevants, mais nous n\u2019avons pas test\u00e9 depuis longtemps. Un <a href=\"https:\/\/www.google.fr\/search?sca_esv=e4e3b1ba951674fc&amp;hl=fr&amp;gl=fr&amp;output=search&amp;kgmid=\/g\/11g6ql0bxd&amp;q=Parking+L%C3%A9on+Martel&amp;shndl=30&amp;shem=epsdc,lcuae,uaasie,shrtn&amp;source=sh\/x\/loc\/uni\/m1\/1&amp;kgs=6a695b2cfc2b6f66&amp;utm_source=epsdc,lcuae,uaasie,shrtn,sh\/x\/loc\/uni\/m1\/1\" data-type=\"link\" data-id=\"https:\/\/www.google.fr\/search?sca_esv=e4e3b1ba951674fc&amp;hl=fr&amp;gl=fr&amp;output=search&amp;kgmid=\/g\/11g6ql0bxd&amp;q=Parking+L%C3%A9on+Martel&amp;shndl=30&amp;shem=epsdc,lcuae,uaasie,shrtn&amp;source=sh\/x\/loc\/uni\/m1\/1&amp;kgs=6a695b2cfc2b6f66&amp;utm_source=epsdc,lcuae,uaasie,shrtn,sh\/x\/loc\/uni\/m1\/1\">parking<\/a> vous attend au pied de la ville.<\/p>\n\n\n\n<p>&#8211;\u00a0<strong>Port-Grimaud<\/strong>\u00a0: petite ville \u00e9trange cr\u00e9\u00e9 de toute pi\u00e8ce dans les ann\u00e9es soixante par Fran\u00e7ois Spoerry, architecte mulhousien, Port-Grimaud vaut vraiment le d\u00e9tour. Vous pourrez y d\u00e9guster des glaces d\u00e9licieuses et d\u00e9couvrir ses canaux, en bateau collectif ou autonome (voir rubrique activit\u00e9s). Un <a href=\"https:\/\/maps.app.goo.gl\/cyLrEnn1MeNCMPP39\" data-type=\"link\" data-id=\"https:\/\/maps.app.goo.gl\/cyLrEnn1MeNCMPP39\">parking<\/a> vous permet de vous garer devant l\u2019entr\u00e9e de la ville et du loueur de petits bateaux.<\/p>\n\n\n\n<p>&#8211;\u00a0<strong>Cogolin<\/strong>\u00a0: partageant avec Saint-Claude le titre honorifique de capitale de la pipe, ce qui n\u2019est pas rien, Cogolin est divis\u00e9 entre une partie commerciale, avec sa zone industrielle, et son centre historique. A l\u2019instar des villages locaux, ses ruelles ombrag\u00e9es rappellent au visiteur le pass\u00e9 moyen\u00e2geux de la r\u00e9gion.<\/p>\n\n\n\n<p>&#8211;\u00a0<strong>La Croix-Valme<\/strong>r et <strong>Cavalaire<\/strong>: villes, plus que villages, La Croix-Valmer et Cavalaire n&#8217;ont peut-\u00eatre pas autant de charme, mais elles jouissent des plus belles plages du Golfe. Id\u00e9al pour aller manger une glace en regardant les bateaux ou pour aller au cin\u00e9ma et faire quelques courses.<\/p>\n\n\n\n<p>***<\/p>\n\n\n\n<p class=\"has-black-color has-text-color has-link-color wp-elements-86bea81625d46949e02347c6bc85fb9c\"><strong><em>LES VILLAGES A ENVIRON 1 H<\/em><\/strong> <\/p>\n\n\n\n<p>Un peu la flemme, non?<\/p>\n\n\n\n<p>&#8211;\u00a0Sainte-Maxime<\/p>\n\n\n\n<p>&#8211;\u00a0Saint-Rapha\u00ebl<\/p>\n\n\n\n<p>&#8211;\u00a0La Garde-Freinet<\/p>\n\n\n\n<p>&#8211;\u00a0Collobri\u00e8res<\/p>\n\n\n\n<p>***<\/p>\n\n\n\n<p class=\"has-white-color has-text-color has-link-color has-large-font-size wp-elements-e1565fa818e064f868229612c493998f\"><strong>Monuments et jardins<\/strong><\/p>\n\n\n\n<figure class=\"wp-block-image size-full\"><img loading=\"lazy\" decoding=\"async\" width=\"2400\" height=\"982\" src=\"https:\/\/anaettim.fr\/wp-content\/uploads\/2025\/10\/chartreuse-de-la-verne-et-monastere-amer.jpg\" alt=\"\" class=\"wp-image-459\"\/><\/figure>\n\n\n\n<p class=\"has-black-color has-text-color has-link-color wp-elements-d477003a1ffd62bed633ddcb5e506ed1\"><strong><em>LIEUX A MOINS DE 30 MINUTES<\/em><\/strong><\/p>\n\n\n\n<p>&#8211;\u00a0<strong>Les Jardins m\u00e9diterran\u00e9ens du Domaine du Rayol<\/strong>\u00a0: magnifiques jardins qui ont pour ambition de r\u00e9unir des plantes du monde entier, mais adapt\u00e9es au climat dit &#8220;m\u00e9diterran\u00e9en&#8221;. Outre le fait d\u2019apprendre qu\u2019il existe, en dehors de la M\u00e9diterran\u00e9e, des climats m\u00e9diterran\u00e9ens, les jardins sont une ode \u00e0 la fl\u00e2nerie et \u00e0 la contemplation. Profitez de la <a href=\"https:\/\/www.domainedurayol.org\/\" data-type=\"link\" data-id=\"https:\/\/www.domainedurayol.org\/\">visite guid\u00e9e<\/a> pour y d\u00e9couvrir des esp\u00e8ces inconnues et leur m\u00e9canisme de protection contre la chaleur, le froid ou la s\u00e9cheresse. Un restaurant a prix tout \u00e0 fait int\u00e9ressant peut vous accueillir pour un d\u00e9jeuner ou un caf\u00e9. Un <a href=\"https:\/\/maps.app.goo.gl\/VW87oVVGa6HLrT6dA\" data-type=\"link\" data-id=\"https:\/\/maps.app.goo.gl\/VW87oVVGa6HLrT6dA\">parking<\/a> en amont de l\u2019entr\u00e9e permet de vous garer pas trop loin.<\/p>\n\n\n\n<p>&#8211;\u00a0<strong>La Chapelle Saint-Anne<\/strong>\u00a0: toute petite chapelle non loin de Saint-Tropez qui vaut le <a href=\"https:\/\/www.saint-tropez.fr\/fr\/fiche\/chapelle-sainte-anne-ouverture-au-public-7386965\" data-type=\"link\" data-id=\"https:\/\/www.saint-tropez.fr\/fr\/fiche\/chapelle-sainte-anne-ouverture-au-public-7386965\">d\u00e9tour<\/a>: <a href=\"https:\/\/www.google.fr\/search?sa=X&amp;sca_esv=34891ab36b11c4e5&amp;biw=1536&amp;bih=703&amp;sxsrf=AE3TifPMX1qXDCAseZdFjzgPISjaEMFkwA:1761061118936&amp;kgmid=\/g\/11dxs99_8q&amp;q=Chapelle+Sainte-Anne&amp;shndl=30&amp;shem=epsdc,lcuae,uaasie,shrtn&amp;source=sh\/x\/loc\/uni\/m1\/1&amp;kgs=f2dac005ce9b52ab&amp;utm_source=epsdc,lcuae,uaasie,shrtn,sh\/x\/loc\/uni\/m1\/1\" data-type=\"link\" data-id=\"https:\/\/www.google.fr\/search?sa=X&amp;sca_esv=34891ab36b11c4e5&amp;biw=1536&amp;bih=703&amp;sxsrf=AE3TifPMX1qXDCAseZdFjzgPISjaEMFkwA:1761061118936&amp;kgmid=\/g\/11dxs99_8q&amp;q=Chapelle+Sainte-Anne&amp;shndl=30&amp;shem=epsdc,lcuae,uaasie,shrtn&amp;source=sh\/x\/loc\/uni\/m1\/1&amp;kgs=f2dac005ce9b52ab&amp;utm_source=epsdc,lcuae,uaasie,shrtn,sh\/x\/loc\/uni\/m1\/1\">lieux<\/a>. \u00a0<\/p>\n\n\n\n<p>***<\/p>\n\n\n\n<p class=\"has-black-color has-text-color has-link-color wp-elements-bb47443f6f4fd71463f0ca9816253107\"><strong><em>LIEUX A ENVIRON 1 \u00e0 2 HEURES<\/em><\/strong><\/p>\n\n\n\n<p>Certes, ce n\u2019est pas la porte \u00e0 c\u00f4t\u00e9, mais il s\u2019agit de lieux \u00e9poustouflants et empreints d\u2019histoire. Alors si vous \u00eates l\u00e0 pour une semaine ou quelques jours et que vous \u00eates lass\u00e9s de la plage, profitez-en pour en prendre plein la vue\u00a0!<\/p>\n\n\n\n<p>&#8211;\u00a0<strong>La Chartreuse de La Verne<\/strong>\u00a0: \u00e0 environ une heure de route de La Croix-Valmer, le Monast\u00e8re Notre-Dame de Cl\u00e9mence, ou Chartreuse de la Verne, est situ\u00e9 dans les terres, non loin du joli village de <a href=\"https:\/\/www.visitvar.fr\/que-faire-var\/visites-patrimoine\/sites-monuments\/chartreuse-la-verne\" data-type=\"link\" data-id=\"https:\/\/www.visitvar.fr\/que-faire-var\/visites-patrimoine\/sites-monuments\/chartreuse-la-verne\">Collobri\u00e8res<\/a>. Fra\u00eechement r\u00e9nov\u00e9, une communit\u00e9 de s\u0153urs donne aujourd\u2019hui vie \u00e0 ce lieu \u00e0 couper le souffle. Vous y apprendrez comment fonctionne une moniale et pourrez admirer les travaux colossaux entrepris depuis les ann\u00e9es 60. Attention \u00e0 la route sinueuse qui conduit \u00e0 la Chartreuse, il est vivement recommand\u00e9 de respecter les limitations de vitesse, voire de rouler au pas. \u00a0<\/p>\n\n\n\n<p>&#8211;\u00a0<strong>L\u2019Abbaye du Thoronet<\/strong>\u00a0: de l\u2019autre cot\u00e9 du massif des Maures, l\u2019Abbaye du Thoronet est un lieu vivant qui re\u00e7oit r\u00e9guli\u00e8rement des expositions et des manifestations culturelles. Plus ancienne abbaye cistercienne en Provence, ce monument abrite une communaut\u00e9 religieuse qui se donne \u00e0 voir \u00e0 travers ses traditions, ses rites et son art monastique. Peut-\u00eatre un poil moins impressionnant que la Chartreuse de la Verne, l\u2019Abbaye du Thoronet m\u00e9rite, malgr\u00e9 tout, un petit <a href=\"https:\/\/www.le-thoronet.fr\" data-type=\"link\" data-id=\"https:\/\/www.le-thoronet.fr\">d\u00e9tour<\/a>.<\/p>\n\n\n\n<p>&#8211;\u00a0<strong>La Fondation Fernand L\u00e9ger, Biot, Antibes, Cannes et Nice<\/strong>\u00a0: contrairement \u00e0 ce que l\u2019on pourrait croire, La Croix-Valmer est aussi proche de Nice que d&#8217;Aix (1h30) et un peu plus \u00e9loign\u00e9e de Marseille (2h). Si vous avez une journ\u00e9e \u00e0 combler, pourquoi ne pas en profiter pour d\u00e9couvrir la <a href=\"https:\/\/musees-nationaux-alpesmaritimes.fr\/fleger\" data-type=\"link\" data-id=\"https:\/\/musees-nationaux-alpesmaritimes.fr\/fleger\">Fondation Fernand L\u00e9ger<\/a> et les villes environnantes\u00a0?<\/p>\n\n\n\n<p>&#8211;\u00a0<strong>Saint-Paul-de-Vence<\/strong>\u00a0: plus qu\u2019un village, Saint Paul de Vence est un concentr\u00e9 d\u2019architecture et d\u2019art. Au-del\u00e0 des d\u00e9licieux restaurants et des belles pierres qui pars\u00e8ment la ville, vous y trouverez les fondations <a href=\"https:\/\/www.fondation-maeght.com\/?lang=fr\" data-type=\"link\" data-id=\"https:\/\/www.fondation-maeght.com\/?lang=fr\">Maeght<\/a> et <a href=\"https:\/\/fondationcab.com\/fr\/fondation-cab-saint-paul-de-vence\" data-type=\"link\" data-id=\"https:\/\/fondationcab.com\/fr\/fondation-cab-saint-paul-de-vence\">CAB<\/a>, ainsi que de nombreuses galeries. Alors oui, y en a pour 1h40 de voiture rien que pour y aller, mais pourquoi ne pas y passer la journ\u00e9e et en prendre plein les <a href=\"https:\/\/www.saint-pauldevence.com\" data-type=\"link\" data-id=\"https:\/\/www.saint-pauldevence.com\">yeux<\/a>\u00a0? \u00a0<\/p>\n\n\n\n<p>&#8211;\u00a0<strong>Le Ch\u00e2teau Lacoste<\/strong>\u00a0: immense vignoble transform\u00e9 en centre d\u2019art, ce ch\u00e2teau situ\u00e9 au nord d\u2019Aix m\u00e9rite bien 2 heures de routes. Bon d\u2019accord, \u00e7a commence \u00e0 faire beaucoup, mais si vous ne savez pas quoi faire pendant une journ\u00e9e, l\u2019endroit est assez d\u00e9tonnant. Vous aurez l\u2019occasion de d\u00e9ambuler entre les \u0153uvres de Bob Dylan, Jean Nouvel, Louise Bourgeois, Yoko Ono et bien d\u2019autres encore et de d\u00e9guster des plats locaux plut\u00f4t sympathiques. Mis \u00e0 part le ros\u00e9 du domaine qui est \u00e0 destination de la client\u00e8le \u00e9trang\u00e8re, tout est fait pour passer un bon moment et faire une grande balade <a href=\"https:\/\/chateau-la-coste.com\/fr\" data-type=\"link\" data-id=\"https:\/\/chateau-la-coste.com\/fr\">culturelle<\/a>\u00a0!<\/p>\n\n\n\n<p><\/p>\n","protected":false},"excerpt":{"rendered":"<p>Petit panorama, tr\u00e8s incomplet, des villages et lieux \u00e0 visiter dans la r\u00e9gion. *** Les Villages Douliou Douliou Saint-Tropez? LES VILLAGES A MOINS DE 30 MINUTES &#8211;\u00a0Grimaud\u00a0: magnifique village moyen\u00e2geux, Grimaud abrite un ancien ch\u00e2teau dont les ruines ne g\u00e2chent pas le paysage, bien au contraire. D\u00e9ambuler dans les petites rues \u00e9troites, aller admirer la [&hellip;]<\/p>\n","protected":false},"author":1,"featured_media":0,"parent":0,"menu_order":0,"comment_status":"closed","ping_status":"closed","template":"","meta":{"footnotes":""},"class_list":["post-378","page","type-page","status-publish","hentry"],"_links":{"self":[{"href":"https:\/\/anaettim.fr\/index.php?rest_route=\/wp\/v2\/pages\/378","targetHints":{"allow":["GET"]}}],"collection":[{"href":"https:\/\/anaettim.fr\/index.php?rest_route=\/wp\/v2\/pages"}],"about":[{"href":"https:\/\/anaettim.fr\/index.php?rest_route=\/wp\/v2\/types\/page"}],"author":[{"embeddable":true,"href":"https:\/\/anaettim.fr\/index.php?rest_route=\/wp\/v2\/users\/1"}],"replies":[{"embeddable":true,"href":"https:\/\/anaettim.fr\/index.php?rest_route=%2Fwp%2Fv2%2Fcomments&post=378"}],"version-history":[{"count":10,"href":"https:\/\/anaettim.fr\/index.php?rest_route=\/wp\/v2\/pages\/378\/revisions"}],"predecessor-version":[{"id":634,"href":"https:\/\/anaettim.fr\/index.php?rest_route=\/wp\/v2\/pages\/378\/revisions\/634"}],"wp:attachment":[{"href":"https:\/\/anaettim.fr\/index.php?rest_route=%2Fwp%2Fv2%2Fmedia&parent=378"}],"curies":[{"name":"wp","href":"https:\/\/api.w.org\/{rel}","templated":true}]}}